d 4394?
26
What is the highest common divisor of 421040 and 4986?
554
Calculate the greatest common divisor of 10437 and 119.
7
Calculate the greatest common factor of 115 and 9005.
5
Calculate the greatest common divisor of 14984 and 152.
8
What is the greatest common factor of 871 and 85894?
67
Calculate the highest common divisor of 8 and 130864.
8
What is the highest common divisor of 132 and 86988?
132
What is the highest common factor of 132 and 385627?
11
What is the greatest common divisor of 64 and 1075904?
64
Calculate the greatest common factor of 1320 and 5472280.
440
Calculate the highest common divisor of 5 and 162065.
5
What is the highest common factor of 1864 and 88?
8
Calculate the greatest common factor of 5844 and 300.
12
Calculate the greatest common divisor of 8920009 and 147.
49
Calculate the greatest common divisor of 170632 and 5544.
616
What is the highest common factor of 5965 and 1893291?
1193
What is the greatest common divisor of 1232 and 14448?
112
What is the greatest common divisor of 107491 and 34?
17
Calculate the highest common factor of 565 and 279675.
565
What is the greatest common factor of 15934 and 372?
62
Calculate the highest common divisor of 17376 and 102.
6
What is the greatest common divisor of 24 and 1673512?
8
Calculate the greatest common factor of 32 and 1910784.
32
Calculate the greatest common factor of 143 and 5027.
11
Calculate the highest common factor of 531 and 1404849.
177
Calculate the highest common factor of 3427 and 96850.
149
What is the highest common factor of 13950 and 105?
15
What is the highest common factor of 113360 and 3924?
436
Calculate the greatest common divisor of 969528 and 522.
174
What is the greatest common factor of 2277 and 7659?
207
What is the highest common factor of 105 and 570535?
35
Calculate the greatest common factor of 26999 and 38.
19
What is the highest common factor of 16608 and 480?
96
Calculate the highest common factor of 12620 and 820.
20
What is the highest common divisor of 702 and 438204?
78
Calculate the greatest common factor of 413671 and 1996.
499
What is the greatest common factor of 2736 and 1102?
38
What is the greatest common factor of 21 and 711669?
21
Calculate the highest common divisor of 633 and 145801.
211
What is the greatest common factor of 3050 and 122610?
610
What is the greatest common factor of 68833 and 51?
17
Calculate the greatest common factor of 2842 and 7938.
98
What is the greatest common factor of 34628 and 220?
44
Calculate the highest common divisor of 148 and 2440409.
37
Calculate the greatest common divisor of 285 and 36030.
15
Calculate the highest common divisor of 95 and 1577.
19
Calculate the greatest common divisor of 1673 and 21.
7
Calculate the greatest common factor of 1 and 196871.
1
Calculate the highest common factor of 189156 and 231.
33
Calculate the greatest common divisor of 202785 and 165.
165
What is the highest common divisor of 7365 and 45?
15
Calculate the highest common divisor of 97195 and 70.
35
Calculate the greatest common divisor of 1548 and 2023924.
172
What is the highest common divisor of 47104 and 391?
23
Calculate the greatest common divisor of 527 and 15872.
31
Calculate the highest common factor of 2460 and 1700844.
492
Calculate the highest common divisor of 12376 and 945336.
952
Calculate the highest common divisor of 144 and 1422882.
18
Calculate the highest common divisor of 287 and 14.
7
Calculate the highest common divisor of 615113 and 83.
83
Calculate the greatest common divisor of 90 and 23910.
30
What is the greatest common factor of 51 and 8034?
3
Calculate the greatest common divisor of 1692 and 5452.
188
Calculate the highest common divisor of 1645420 and 5880.
980
What is the highest common divisor of 7462 and 8?
2
Calculate the greatest common divisor of 110539 and 429.
143
Calculate the highest common factor of 261185 and 5.
5
What is the greatest common divisor of 10703 and 176252?
139
Calculate the greatest common divisor of 1284 and 623061.
321
What is the highest common factor of 40 and 1695856?
8
What is the greatest common divisor of 1006 and 254015?
503
What is the greatest common factor of 2890762 and 42?
14
What is the greatest common factor of 6 and 207258?
6
What is the highest common factor of 122 and 2574749?
61
Calculate the highest common factor of 595689 and 334.
167
What is the greatest common divisor of 876064 and 48?
16
What is the greatest common divisor of 84084 and 143?
143
What is the highest common divisor of 34434 and 126?
18
Calculate the highest common divisor of 1845 and 29930.
205
What is the highest common factor of 93888 and 1017?
9
What is the highest common factor of 1040809 and 539?
539
Calculate the highest common factor of 50800 and 13716.
508
What is the highest common divisor of 23716 and 8?
4
Calculate the greatest common factor of 6176052 and 1656.
828
Calculate the highest common factor of 135592 and 1836.
68
Calculate the greatest common factor of 4240 and 35404.
212
What is the highest common divisor of 595368 and 99?
9
What is the highest common divisor of 42877 and 2915?
53
What is the highest common factor of 84 and 28742?
14
Calculate the highest common factor of 247 and 366453.
19
Calculate the highest common divisor of 706 and 5469029.
353
Calculate the highest common factor of 6729 and 105.
3
What is the greatest common factor of 212640 and 30?
30
What is the highest common divisor of 5066 and 1043?
149
Calculate the greatest common divisor of 2540 and 1780.
20
What is the greatest common divisor of 4606 and 94?
94
Calculate the greatest common factor of 48310 and 20.
10
What is the highest common divisor of 34 and 933402?
34
Calculate the highest common divisor of 2121636 and 132.
132
Calculate the highest common factor of 57400 and 58240.
280
Calculate the greatest common divisor of 218055 and 15.
15
Calculate the highest common factor of 75 and 743825.
25
Calculate the highest common divisor of 3084 and 228987.
771
What is the highest common divisor of 584 and 439241?
73
Calculate the greatest common factor of 1395 and 450.
45
Calculate the highest common factor of 4785 and 11455.
145
Calculate the highest common divisor of 219066 and 174.
174
Calculate the highest common factor of 273474 and 18.
18
Calculate the highest common factor of 38893 and 92.
23
What is the highest common factor of 1184 and 17504?
32
Calculate the highest common factor of 3074 and 8586.
106
Calculate the highest common factor of 49700 and 280.
140
Calculate the highest common divisor of 29138 and 34.
34
Calculate the highest common factor of 280 and 26530.
70
What is the highest common factor of 31218 and 6708?
258
What is the greatest common factor of 106 and 95930?
106
Calculate the greatest common divisor of 1833 and 135915.
39
What is the highest common divisor of 2788842 and 210?
42
What is the highest common factor of 765576 and 5952?
744
What is the highest common factor of 5747 and 602?
7
Calculate the greatest common factor of 260 and 137.
1
Calculate the greatest common divisor of 19 and 22260001.
19
Calculate the highest common factor of 67520 and 14.
2
What is the highest common divisor of 98 and 728483?
49
Calculate the greatest common factor of 82 and 23247.
41
Calculate the greatest common divisor of 410 and 9160.
10
What is the highest common factor of 629 and 5846?
37
Calculate the greatest common factor of 420 and 205590.
210
What is the greatest common factor of 9427888 and 16?
16
What is the highest common factor of 13143 and 14828?
337
What is the highest common divisor of 3465 and 1029?
21
What is the highest common factor of 24368 and 416?
16
Calculate the highest common divisor of 13509 and 1197.
171
What is the greatest common factor of 2584 and 476?
68
What is the highest common divisor of 5203 and 341?
11
What is the greatest common factor of 27269 and 3618?
67
Calculate the greatest common divisor of 428 and 135890.
214
What is the greatest common factor of 84316 and 1498?
214
What is the highest common factor of 1640 and 35752?
328
What is the greatest common factor of 119552 and 624?
16
Calculate the highest common divisor of 24 and 317964.
12
What is the highest common divisor of 6498 and 129618?
34